lse
Is 14301583627 prime?
False
Is 8884107971 a prime number?
True
Is 58282241683 a composite number?
False
Is 1447862461 a prime number?
False
Is 11108277047 prime?
False
Is 7891712891 prime?
True
Is 1781562757 a composite number?
True
Is 6087047797 a composite number?
True
Is 1946980411 prime?
False
Is 107989157 a prime number?
True
Is 1688753809 a composite number?
False
Is 1676800451 prime?
False
Is 11332124317 prime?
True
Is 520179431 prime?
False
Is 4430713115 prime?
False
Is 1337467567 a prime number?
False
Is 5762898521 composite?
False
Is 87798469631 composite?
False
Is 11839590929 a composite number?
True
Is 2409257611 composite?
True
Is 7002232831 composite?
True
Is 296115307 prime?
True
Is 4664439301 a prime number?
True
Is 42754273 prime?
True
Is 46374799 composite?
True
Is 2654765369 a prime number?
True
Is 1961981293 prime?
True
Is 115870771 prime?
True
Is 27212860183 composite?
False
Is 876006211 prime?
False
Is 17101232737 composite?
True
Is 3455919911 composite?
False
Is 83084719 composite?
True
Is 4299746389 prime?
False
Is 2216041501 a composite number?
True
Is 29797484909 composite?
False
Is 37031341265 a composite number?
True
Is 46594099583 composite?
False
Is 7832551699 a prime number?
False
Is 347149867 a composite number?
False
Is 1511401447 composite?
False
Is 67079635303 prime?
True
Is 34904208907 composite?
False
Is 1986329789 composite?
False
Is 23710664209 prime?
False
Is 114724131941 a prime number?
True
Is 101433663251 prime?
True
Is 116660406515 a prime number?
False
Is 10904659723 composite?
False
Is 28084987289 a prime number?
True
Is 2647973081 prime?
False
Is 37407008753 a composite number?
False
Is 2866497217 prime?
False
Is 287235913 a composite number?
False
Is 7884869459 composite?
True
Is 83174765203 prime?
False
Is 14281480337 prime?
True
Is 552702971 a prime number?
True
Is 3309323453 prime?
False
Is 7113239489 composite?
True
Is 1187269991 a prime number?
True
Is 5055562949 composite?
False
Is 12406180463 prime?
True
Is 77298637553 a composite number?
False
Is 35221074697 a composite number?
True
Is 654152737 a composite number?
True
Is 5042049833 a prime number?
True
Is 161885884429 composite?
True
Is 505687403 a prime number?
False
Is 33668563261 composite?
False
Is 7368552557 a prime number?
True
Is 30396155963 a composite number?
False
Is 807161783 prime?
True
Is 465298963 a composite number?
False
Is 469507699 composite?
False
Is 477764629 composite?
False
Is 4004975789 composite?
False
Is 29519095061 a prime number?
True
Is 344838719 composite?
False
Is 6231753089 composite?
False
Is 138737117 a prime number?
True
Is 318552761 prime?
True
Is 1623907517 composite?
True
Is 275392884683 a composite number?
True
Is 1347284233 composite?
True
Is 398297453 composite?
True
Is 679177553 prime?
False
Is 11373851 a prime number?
False
Is 1534276021 a prime number?
True
Is 6471414263 prime?
True
Is 3947889497 a prime number?
True
Is 3699352123 a composite number?
False
Is 24194676721 composite?
False
Is 1745564809 prime?
False
Is 22127978501 composite?
True
Is 16828492649 a prime number?
True
Is 73301605943 prime?
True
Is 2014687627 prime?
False
Is 1485376469 a prime number?
True
Is 11207869357 composite?
False
Is 10097624551 prime?
False
Is 28545697483 a prime number?
True
Is 4252774391 a prime number?
False
Is 31104222367 prime?
True
Is 21338318423 composite?
True
Is 44980796041 prime?
True
Is 4218862291 prime?
False
Is 2414677813 a prime number?
False
Is 16604326967 composite?
True
Is 2619149873 a composite number?
False
Is 128156471 a composite number?
True
Is 25864483603 prime?
False
Is 57363957197 a composite number?
False
Is 1244482051 prime?
False
Is 4326322487 composite?
False
Is 11091431 composite?
True
Is 528431507 composite?
False
Is 569233361 a composite number?
True
Is 1667071985 composite?
True
Is 3788643 composite?
True
Is 23017519717 a composite number?
False
Is 1562902177 prime?
False
Is 49261217243 prime?
False
Is 897752773 prime?
True
Is 7502854039 a prime number?
False
Is 1025005889 composite?
True
Is 483713317 a composite number?
False
Is 3334235137 a composite number?
False
Is 1254843697 a prime number?
True
Is 21861031931 a prime number?
True
Is 47451291067 composite?
True
Is 2288871911 a composite number?
True
Is 86414287963 a composite number?
True
Is 505242917 a prime number?
True
Is 601941547 a prime number?
True
Is 1156383517 prime?
True
Is 2185708927 prime?
False
Is 3168409133 composite?
False
Is 3182440301 prime?
True
Is 478668349 composite?
True
Is 46886895371 a composite number?
False
Is 181835495 prime?
False
Is 787885523 a composite number?
True
Is 2666741041 composite?
False
Is 605035049 a prime number?
False
Is 2230153771 a composite number?
False
Is 1351267633 a prime number?
True
Is 3879449363 a prime number?
False
Is 213828387 a prime number?
False
Is 38076007 composite?
False
Is 77708809 composite?
False
Is 21970626913 composite?
True
Is 161263591 a prime number?
False
Is 91075337 composite?
True
Is 7067348461 composite?
False
Is 73320670867 prime?
False
Is 3561328747 composite?
False
Is 50074294427 a composite number?
True
Is 221566853 a composite number?
True
Is 1065155759 composite?
True
Is 44025163502 a prime number?
False
Is 27305491181 a composite number?
True
Is 1101939367 a composite number?
True
Is 12183423971 prime?
True
Is 6137931851 composite?
True
Is 1871915037 composite?
True
Is 4109958563 prime?
True
Is 5716260091 prime?
False
Is 38775502343 a composite number?
False
Is 156318907 a prime number?
False
Is 17480073271 prime?
True
Is 37830398189 a prime number?
True
Is 20052964693 composite?
False
Is 3912534671 prime?
False
Is 1615585897 composite?
False
Is 3375157483 prime?
True
Is 90494309 a prime number?
True
Is 33285757621 a composite number?
False
Is 266489719 composite?
True
Is 34058349373 composite?
True
Is 2748819169 a prime number?
False
Is 3507431689 a prime number?
False
Is 270672107 prime?
False
Is 125647851899 a composite number?
False
Is 17500562927 prime?
False
Is 16642558133 composite?
False
Is 10729353917 composite?
True
Is 235804909123 a prime number?
False
Is 2211511727 a prime number?
False
Is 1645047407 composite?
True
Is 14976866677 composite?
False
Is 3660511769 composite?
True
Is 347738647 a prime number?
True
Is 210347141 prime?
True
Is 2638494943 a composite number?
True
Is 40928094029 composite?
True
Is 3235154393 a prime number?
True
Is 219395437 composite?
False
Is 730218871 a composite number?
False
Is 519628729 a composite number?
False
Is 6416829637 composite?
False
Is 10566335599 prime?
True
Is 1538987291 a composite number?
False
Is 25801824593 a composite number?
True
Is 248952838385 composite?
True
Is 15261141307 composite?
False
Is 2245529843 prime?
True
Is 1012791989 a composite number?
True
Is 14117501 a prime number?
True
Is 74617201 a composite number?
True
Is 1826180689 a composite number?
False
Is 2117525947 a composite number?
True
Is 1422577682 prime?
False
Is 23325352987 prime?
False
Is 10010492827 a prime number?
True
Is 46132891457 a prime number?
True
Is 13868211151 prime?
False
Is 9220607411 a composite number?
False
Is 2620682767 prime?
False
Is 5300511727 composite?
True
Is 6833710909 a prime number?
True
Is 3485036593 composite?
False
Is 6426794059 prime?
False
Is 10147134119 a composite number?
False
Is 3541088573 a prime number?
False
Is 2076365303 a prime number?
False
Is 1840889949 a prime number?
False
Is 1933859399 composite?
False
Is 14822089253 prime?
False
Is 1268625065 composite?
True
Is 18977184431 composite?
True
Is 3142344161 a composite number?
True
Is 2395399271 prime?
False
Is 614395357 a prime number?
True
Is 1279230142 a composite number?
True
Is 28667702093 composite?
True
Is 39757585391 a prime number?
False
Is 1862583763 a prime number?
True
Is 992581627 a prime number?
True
Is 357094643 prime?
True
Is 2586383477 prime?
True
Is 1668400147 a composite number?
False
Is 3558578897 composite?
False
Is 380563633 a composite number?
True
Is 24053324851 a prime number?
False
Is 1504789547 prime?
True
Is 538948169 prime?
False
Is 5635273789 composite?
True
Is 11904083887 prime?
True
Is 2408835607 composite?
False
Is 2007196645 prime?
False
Is 2394641329 prime?
True
Is 64244503727 a